is 44 + 432515422?
432515510
In base 10, what is 5 - -802265?
802270
In base 7, what is 625 - 2242531?
-2241603
In base 6, what is -20050 - 143413?
-203503
In base 5, what is 10001024 - -12?
10001041
In base 7, what is 16245662 - -65?
16246060
In base 11, what is 70a97 + 2?
70a99
In base 12, what is -3 - 10363533?
-10363536
In base 14, what is 3b + -1a3ba2?
-1a3b65
In base 2, what is -1101000111111010110 + -1110110111?
-1101001001110001101
In base 8, what is 1264335 - -10?
1264345
In base 12, what is -3 + -508255a?
-5082561
In base 6, what is -13435153 + -12?
-13435205
In base 16, what is 30 + -b1f11?
-b1ee1
In base 11, what is -390598 + -10?
-3905a8
In base 10, what is 4 - 1886747?
-1886743
In base 13, what is -42b - 3cc3b2?
-3cc810
In base 10, what is -79722 - -384?
-79338
In base 12, what is 1 - 49a48?
-49a47
In base 10, what is -298882 + -77?
-298959
In base 5, what is -1130242003414 - -4?
-1130242003410
In base 14, what is 8ab985a - -d?
8ab9869
In base 11, what is -8 + -1985207?
-1985214
In base 4, what is -1213002 + -201100?
-2020102
In base 9, what is -240674 - -22?
-240652
In base 5, what is -124 - -114444?
114320
In base 10, what is 1 + 3594793?
3594794
In base 4, what is -3000033021203 - -10?
-3000033021133
In base 6, what is 4 - -133115215?
133115223
In base 3, what is -100202121022220 + 112?
-100202121022101
In base 15, what is 1137ebc + -1?
1137ebb
In base 13, what is -19 + 27801a?
278001
In base 7, what is -54 + 30235540?
30235453
In base 8, what is 641450123 - 15?
641450106
In base 9, what is 64 - 420355?
-420281
In base 9, what is -50263 + -22158?
-72432
In base 4, what is -3323323 - 32031?
-10022020
In base 15, what is -82 - -d63?
cd1
In base 2, what is 1110010011111 - 110000000?
1101100011111
In base 4, what is -13003023 - 1013033?
-20022122
In base 11, what is -10 - -6859?
6849
In base 2, what is 100 + 11001100111111110111?
11001100111111111011
In base 10, what is 3 + 18207?
18210
In base 14, what is -ab + -415404?
-4154b1
In base 10, what is -379 + 38009?
37630
In base 14, what is a2a97ad - 4?
a2a97a9
In base 4, what is 130111021323 + -3?
130111021320
In base 12, what is 3951163 + 1?
3951164
In base 4, what is 11030011 - -122322?
11212333
In base 6, what is -53 - -353240013?
353235520
In base 9, what is 705051806 + -1?
705051805
In base 11, what is -8 + -1004177?
-1004184
In base 10, what is 7211 + 4914?
12125
In base 14, what is 95c8b - 67?
95c24
In base 13, what is 0 + -10c363?
-10c363
In base 15, what is -b41 - -7316?
66c5
In base 16, what is 1 - c1b27d?
-c1b27c
In base 10, what is -6 + -46600557?
-46600563
In base 12, what is -22240 + 79b?
-21661
In base 2, what is 100110101 + -1000011001?
-11100100
In base 8, what is 3074 + 114155?
117251
In base 12, what is -2 + -1028426b?
-10284271
In base 14, what is -68bad + -8?
-68bb7
In base 10, what is -18831370 + -5?
-18831375
In base 15, what is 30a4c22 - -1?
30a4c23
In base 6, what is -50 + 154544335?
154544245
In base 2, what is 1000000110000000100011101 + -11111?
1000000110000000011111110
In base 7, what is 3 + -3246313311?
-3246313305
In base 15, what is -6c - -3b45?
3ac8
In base 14, what is aac + 75a1?
826d
In base 16, what is -1a3b58 - 4?
-1a3b5c
In base 6, what is 13500 - 112455?
-54555
In base 11, what is -1 + 13704a53?
13704a52
In base 9, what is 138851 + -46?
138804
In base 12, what is -3637a + -165?
-36523
In base 12, what is 9 + 2a2b115?
2a2b122
In base 6, what is -1320203 - 131?
-1320334
In base 6, what is -5 - -1150331005?
1150331000
In base 15, what is 7d80eb - -42?
7d813d
In base 10, what is -77823369 + -5?
-77823374
In base 14, what is 2c + 8cb35?
8cb63
In base 6, what is 11350205240 - 4?
11350205232
In base 6, what is -33 + -204241022?
-204241055
In base 4, what is 32210110332132 - 11?
32210110332121
In base 2, what is 11000 - -1100100110001000101?
1100100110001011101
In base 14, what is -1 + 1713747?
1713746
In base 10, what is 117 + 41594?
41711
In base 16, what is 24fe3 + 991?
25974
In base 2, what is -10010101011011101010001011000 - -1?
-10010101011011101010001010111
In base 6, what is -13325203052 + -3?
-13325203055
In base 3, what is -11 - -12012101211202?
12012101211121
In base 6, what is -3510 - 1221314?
-1225224
In base 10, what is 25890 - -374?
26264
In base 13, what is -15 - -23114b?
231136
In base 2, what is -111 + 1100110000101001001?
1100110000101000010
In base 5, what is -3411441 - 4214?
-3421210
In base 6, what is -14501124 - -20?
-14501104
In base 6, what is 105305552303 + 2?
105305552305
In base 10, what is -12129290 + 149?
-12129141
In base 6, what is -332 - 5225444?
-5230220
In base 16, what is 6f - 79aa?
-793b
In base 12, what is b2711 + -227?
b24a6
In base 14, what is -893 - -bdb5?
b522
In base 14, what is -1b9391 + -7?
-1b9398
In base 4, what is -1002232322 + 10312?
-1002222010
In base 5, what is 140 - 10024021?
-10023331
In base 9, what is -63 - -185135?
185062
In base 7, what is -115621656 - -5?
-115621651
In base 10, what is -4459 - 134837?
-139296
In base 8, what is -25 + 12766150?
12766123
In base 7, what is 6415 - -4002?
13420
In base 5, what is 23442 - -242004?
321001
In base 9, what is -203880 + 114?
-203765
In base 8, what is 1 - -623465?
623466
In base 5, what is 124 - 44131?
-44002
In base 15, what is 1d993c4b + -2?
1d993c49
In base 12, what is 21a3 - 14250?
-12069
In base 4, what is 10 + 111013321321?
111013321331
In base 6, what is 143 + 1424044?
1424231
In base 4, what is -33322303 - -133?
-33322110
In base 14, what is -18c0c + -12d?
-18d3b
In base 11, what is 9 - -136012?
136020
In base 9, what is -322 - 704405?
-704727
In base 14, what is -7d + 1a9855?
1a97b6
In base 10, what is 372863 - -19?
372882
In base 5, what is -2 - -1411244040?
1411244033
In base 12, what is -b801 + 541?
-b280
In base 8, what is -4 - 1352543201?
-1352543205
In base 5, what is -1130313102 + 14?
-1130313033
In base 4, what is 0 - -12223201011?
12223201011
In base 9, what is 435284 - 2165?
433118
In base 12, what is 662 + 10852?
112b4
In base 3, what is 2111 + -1002022122?
-1002020011
In base 16, what is 2aec + 4da?
2fc6
In base 16, what is 1133 + -a0?
1093
In base 15, what is 5 + a2ca390?
a2ca395
In base 11, what is 10966 - -263?
11119
In base 12, what is -687b34a8 - -5?
-687b34a3
In base 16, what is e51c + -1469?
d0b3
In base 10, what is -607 + 2916?
2309
In base 16, what is 1005d + -7b7?
f8a6
In base 11, what is 3a8569 - -47?
3a8605
In base 8, what is 453 - -1143514?
1144167
In base 6, what is 250 + -202331?
-202041
In base 2, what is -10100010101 - -1010011110111001001?
1010011100010110100
In base 15, what is 38c - 2299?
-1e0c
In base 13, what is -305 - 15cb4?
-162b9
In base 5, what is -211 + 242300?
242034
In base 2, what is -1011010 - 10011111111111?
-10100001011001
In base 6, what is 4213214 + -1024?
4212150
In base 4, what is -12 - 222001123123?
-222001123201
In base 4, what is 102131110 - -33112?
102230222
In base 13, what is 4 - -11253643?
11253647
In base 14, what is -47 + 28182?
28139
In base 12, what is -1b9 + 23a05?
23808
In base 16, what is 8 - 3856ef2?
-3856eea
In base 6, what is 55 - 434513?
-434414
In base 11, what is -26 - 267206?
-267231
In base 16, what is -3ad39 - 5?
-3ad3e
In base 9, what is -885 - 8661?
-10656
In base 4, what is 10323021110221 + 0?
10323021110221
In base 2, what is -110 + -11011110001001111001110010?
-11011110001001111001111000
In base 7, what is 1531515525 - 2?
1531515523
In base 13, what is -3a7c + -3c?
-3abb
In base 14, what is 30d0b78 + -4?
30d0b74
In base 7, what is 6254 + -21264?
-12010
In base 5, what is 100023 - -2343112?
2443140
In base 3, what is 222 + 1222222?
2000221
In base 6, what is -311 + -135314015?
-135314330
In base 8, what is -637710 - -6151?
-631537
In base 15, what is -d7570 + -1?
-d7571
In base 10, what is 1873293 + 46?
1873339
In base 15, what is 34619 + -10?
34609
In base 2, what is -111 + -111110000101011000?
-111110000101011111
In base 12, what is 243 - -1347?
158a
In base 16, what is b + 45b62?
45b6d
In base 5, what is -2113 + -11442244?
-11444412
In base 9, what is 70473877 - 5?
70473872
In base 4, what is 201133 - -2212010?
3013203
In base 6, what is -112024531 - 2?
-112024533
In base 5, what is 22201413 + -3402?
22143011
In base 10, what is -9 + -117137700?
-117137709
In ba